{"id":23,"date":"2016-11-15T21:05:08","date_gmt":"2016-11-15T21:05:08","guid":{"rendered":"http:\/\/bccm4.com.br\/2018\/?page_id=23"},"modified":"2018-08-03T18:13:48","modified_gmt":"2018-08-03T21:13:48","slug":"venue","status":"publish","type":"page","link":"http:\/\/bccm4.com.br\/2018\/venue\/","title":{"rendered":"Venue"},"content":{"rendered":"<div class=\"fusion-fullwidth fullwidth-box fusion-builder-row-1 nonhundred-percent-fullwidth non-hundred-percent-height-scrolling\" style=\"--awb-background-position:left top;--awb-border-radius-top-left:0px;--awb-border-radius-top-right:0px;--awb-border-radius-bottom-right:0px;--awb-border-radius-bottom-left:0px;--awb-padding-top:20px;--awb-padding-bottom:20px;--awb-border-sizes-top:0px;--awb-border-sizes-bottom:0px;--awb-flex-wrap:wrap;\" ><div class=\"fusion-builder-row fusion-row\"><div class=\"fusion-layout-column fusion_builder_column fusion-builder-column-0 fusion_builder_column_3_5 3_5 fusion-three-fifth fusion-column-first\" style=\"--awb-padding-top:30px;--awb-padding-right:30px;--awb-padding-bottom:30px;--awb-padding-left:30px;--awb-bg-color:#f7f7f7;--awb-bg-color-hover:#f7f7f7;--awb-bg-size:cover;width:58.4%; margin-right: 4%;\"><div class=\"fusion-column-wrapper fusion-flex-column-wrapper-legacy\"><div class=\"fusion-text fusion-text-1\"><p>BCCM4 will be held at Pontifical Catholic University of Rio de Janeiro \u2013 PUC-Rio.<\/p>\n<p>Rua Marqu\u00eas de S\u00e3o Vicente, 225, G\u00e1vea<br \/>\nRio de Janeiro, RJ &#8211; Brasil<\/p>\n<p>The plenary lectures will take place at <a href=\"http:\/\/www.rdc.puc-rio.br\/\" target=\"_blank\" rel=\"noopener\">RDC (Rio Data Centro)<\/a> while the parallel sessions will be held at <a href=\"https:\/\/iag.puc-rio.br\/pt\/\" target=\"_blank\" rel=\"noopener\">IAG (Escola de neg\u00f3cios \u2013 PUC-Rio)<\/a>.<\/p>\n<p>The registration center, coffee breaks and the welcome cocktail will take place at IAG.<\/p>\n<p><a href=\"http:\/\/bccm4.com.br\/2018\/wp-content\/uploads\/2018\/07\/Iag-Rdc.jpg\" rel=\"prettyPhoto\"><img decoding=\"async\" class=\"wp-image-497\" title=\"Click to enlarge\" src=\"http:\/\/bccm4.com.br\/2018\/wp-content\/uploads\/2018\/07\/Iag-Rdc.jpg\" width=\"580\" height=\"362\" srcset=\"http:\/\/bccm4.com.br\/2018\/wp-content\/uploads\/2018\/07\/Iag-Rdc-200x125.jpg 200w, http:\/\/bccm4.com.br\/2018\/wp-content\/uploads\/2018\/07\/Iag-Rdc-300x187.jpg 300w, http:\/\/bccm4.com.br\/2018\/wp-content\/uploads\/2018\/07\/Iag-Rdc-400x249.jpg 400w, http:\/\/bccm4.com.br\/2018\/wp-content\/uploads\/2018\/07\/Iag-Rdc-600x374.jpg 600w, http:\/\/bccm4.com.br\/2018\/wp-content\/uploads\/2018\/07\/Iag-Rdc-768x479.jpg 768w, http:\/\/bccm4.com.br\/2018\/wp-content\/uploads\/2018\/07\/Iag-Rdc-800x499.jpg 800w, http:\/\/bccm4.com.br\/2018\/wp-content\/uploads\/2018\/07\/Iag-Rdc-1024x639.jpg 1024w, http:\/\/bccm4.com.br\/2018\/wp-content\/uploads\/2018\/07\/Iag-Rdc-1200x748.jpg 1200w, http:\/\/bccm4.com.br\/2018\/wp-content\/uploads\/2018\/07\/Iag-Rdc.jpg 1400w\" sizes=\"(max-width: 580px) 100vw, 580px\" \/><\/a><\/p>\n<\/div><div class=\"fusion-clearfix\"><\/div><\/div><\/div><div class=\"fusion-layout-column fusion_builder_column fusion-builder-column-1 fusion_builder_column_2_5 2_5 fusion-two-fifth fusion-column-last\" style=\"--awb-padding-top:10px;--awb-padding-right:10px;--awb-padding-bottom:10px;--awb-padding-left:10px;--awb-bg-color:#f7f7f7;--awb-bg-color-hover:#f7f7f7;--awb-bg-size:cover;width:37.6%;\"><div class=\"fusion-column-wrapper fusion-flex-column-wrapper-legacy\">\t\t\t\t\t<script type=\"text\/javascript\">\n\t\t\t\t\t\tvar map_fusion_map_69dec62fdc168;\n\t\t\t\t\t\tvar markers = [];\n\t\t\t\t\t\tvar counter = 0;\n\t\t\t\t\t\t\t\t\t\t\t\t\t\t\t\t\t\t\t\tvar fusionMapNonce = 'e0310e2929';\n\t\t\t\t\t\t\t\t\t\t\t\tfunction fusion_run_map_fusion_map_69dec62fdc168() {\n\t\t\t\t\t\t\tjQuery('#fusion_map_69dec62fdc168').fusion_maps({\n\t\t\t\t\t\t\t\taddresses: [{\"address\":\"-22.980424, -43.233412\",\"infobox_content\":\"-22.980424, -43.233412\",\"coordinates\":false,\"cache\":true,\"latitude\":\"-22.9800266\",\"longitude\":\"-43.2327047\"}],\n\t\t\t\t\t\t\t\tanimations: true,\n\t\t\t\t\t\t\t\tinfobox_background_color: '',\n\t\t\t\t\t\t\t\tinfobox_styling: 'default',\n\t\t\t\t\t\t\t\tinfobox_text_color: '',\n\t\t\t\t\t\t\t\tmap_style: 'default',\n\t\t\t\t\t\t\t\tmap_type: 'roadmap',\n\t\t\t\t\t\t\t\tmarker_icon: '',\n\t\t\t\t\t\t\t\toverlay_color: '',\n\t\t\t\t\t\t\t\toverlay_color_hsl: {\"hue\":0,\"sat\":0,\"lum\":100},\n\t\t\t\t\t\t\t\tshow_address: true,\n\t\t\t\t\t\t\t\tscale_control: true,\n\t\t\t\t\t\t\t\tscrollwheel: true,\n\t\t\t\t\t\t\t\tzoom: 16,\n\t\t\t\t\t\t\t\tzoom_control: true,\n\t\t\t\t\t\t\t});\n\t\t\t\t\t\t}\n\n\t\t\t\t\t\tgoogle.maps.event.addDomListener(window, 'load', fusion_run_map_fusion_map_69dec62fdc168);\n\t\t\t\t\t<\/script>\n\t\t\t\t\t<div class=\"shortcode-map fusion-google-map fusion-maps-js-type\" id=\"fusion_map_69dec62fdc168\"><\/div><div class=\"fusion-clearfix\"><\/div><\/div><\/div><\/div><\/div>\n","protected":false},"excerpt":{"rendered":"","protected":false},"author":1,"featured_media":0,"parent":0,"menu_order":0,"comment_status":"closed","ping_status":"closed","template":"100-width.php","meta":{"_exactmetrics_skip_tracking":false,"_exactmetrics_sitenote_active":false,"_exactmetrics_sitenote_note":"","_exactmetrics_sitenote_category":0,"footnotes":""},"class_list":["post-23","page","type-page","status-publish","hentry"],"_links":{"self":[{"href":"http:\/\/bccm4.com.br\/2018\/wp-json\/wp\/v2\/pages\/23"}],"collection":[{"href":"http:\/\/bccm4.com.br\/2018\/wp-json\/wp\/v2\/pages"}],"about":[{"href":"http:\/\/bccm4.com.br\/2018\/wp-json\/wp\/v2\/types\/page"}],"author":[{"embeddable":true,"href":"http:\/\/bccm4.com.br\/2018\/wp-json\/wp\/v2\/users\/1"}],"replies":[{"embeddable":true,"href":"http:\/\/bccm4.com.br\/2018\/wp-json\/wp\/v2\/comments?post=23"}],"version-history":[{"count":16,"href":"http:\/\/bccm4.com.br\/2018\/wp-json\/wp\/v2\/pages\/23\/revisions"}],"predecessor-version":[{"id":544,"href":"http:\/\/bccm4.com.br\/2018\/wp-json\/wp\/v2\/pages\/23\/revisions\/544"}],"wp:attachment":[{"href":"http:\/\/bccm4.com.br\/2018\/wp-json\/wp\/v2\/media?parent=23"}],"curies":[{"name":"wp","href":"https:\/\/api.w.org\/{rel}","templated":true}]}}